1153
What are the prime factors of 1959?
3, 653
What are the prime factors of 1804?
2, 11, 41
What are the prime factors of 18768?
2, 3, 17, 23
What are the prime factors of 3216?
2, 3, 67
List the prime factors of 119370.
2, 3, 5, 23, 173
What are the prime factors of 988?
2, 13, 19
What are the prime factors of 56?
2, 7
What are the prime factors of 6475?
5, 7, 37
List the prime factors of 257.
257
What are the prime factors of 5357?
11, 487
List the prime factors of 11814.
2, 3, 11, 179
List the prime factors of 9918.
2, 3, 19, 29
What are the prime factors of 8160?
2, 3, 5, 17
List the prime factors of 12698.
2, 7, 907
List the prime factors of 8661.
3, 2887
List the prime factors of 14969.
14969
List the prime factors of 1926.
2, 3, 107
List the prime factors of 938.
2, 7, 67
List the prime factors of 418.
2, 11, 19
What are the prime factors of 3880?
2, 5, 97
List the prime factors of 41800.
2, 5, 11, 19
List the prime factors of 2543.
2543
List the prime factors of 694.
2, 347
List the prime factors of 71243.
191, 373
List the prime factors of 1185.
3, 5, 79
List the prime factors of 10452.
2, 3, 13, 67
What are the prime factors of 9475?
5, 379
List the prime factors of 55874.
2, 7, 13, 307
List the prime factors of 1554.
2, 3, 7, 37
List the prime factors of 63671.
63671
List the prime factors of 2467.
2467
What are the prime factors of 7050?
2, 3, 5, 47
What are the prime factors of 4878?
2, 3, 271
List the prime factors of 7754.
2, 3877
List the prime factors of 1611.
3, 179
What are the prime factors of 23477?
17, 1381
List the prime factors of 3052.
2, 7, 109
List the prime factors of 10206.
2, 3, 7
List the prime factors of 816.
2, 3, 17
List the prime factors of 2710.
2, 5, 271
What are the prime factors of 53386?
2, 26693
What are the prime factors of 3171?
3, 7, 151
What are the prime factors of 10000?
2, 5
List the prime factors of 3662.
2, 1831
List the prime factors of 8493.
3, 19, 149
What are the prime factors of 1851?
3, 617
List the prime factors of 154193.
13, 29, 409
List the prime factors of 35661.
3, 11887
List the prime factors of 15895.
5, 11, 17
List the prime factors of 13568.
2, 53
List the prime factors of 765.
3, 5, 17
List the prime factors of 6068.
2, 37, 41
What are the prime factors of 23530?
2, 5, 13, 181
What are the prime factors of 8148?
2, 3, 7, 97
What are the prime factors of 10392?
2, 3, 433
List the prime factors of 14934.
2, 3, 19, 131
List the prime factors of 2270.
2, 5, 227
What are the prime factors of 4480?
2, 5, 7
What are the prime factors of 2437?
2437
What are the prime factors of 27622?
2, 7, 1973
List the prime factors of 727.
727
What are the prime factors of 7583?
7583
What are the prime factors of 10666?
2, 5333
What are the prime factors of 9658?
2, 11, 439
What are the prime factors of 4587?
3, 11, 139
What are the prime factors of 47499?
3, 71, 223
List the prime factors of 648.
2, 3
What are the prime factors of 6541?
31, 211
What are the prime factors of 153149?
29, 5281
List the prime factors of 51222.
2, 3, 8537
What are the prime factors of 62318?
2, 31159
List the prime factors of 29916.
2, 3, 277
What are the prime factors of 27222?
2, 3, 13, 349
What are the prime factors of 2403?
3, 89
What are the prime factors of 1544?
2, 193
List the prime factors of 780.
2, 3, 5, 13
List the prime factors of 90613.
31, 37, 79
What are the prime factors of 11075?
5, 443
What are the prime factors of 39538?
2, 53, 373
List the prime factors of 83537.
83537
What are the prime factors of 5793?
3, 1931
What are the prime factors of 42952?
2, 7, 13, 59
What are the prime factors of 69275?
5, 17, 163
What are the prime factors of 113573?
137, 829
What are the prime factors of 12003?
3, 4001
List the prime factors of 13512.
2, 3, 563
List the prime factors of 50252.
2, 17, 739
List the prime factors of 61669.
83, 743
List the prime factors of 33424.
2, 2089
What are the prime factors of 49112?
2, 7, 877
What are the prime factors of 151079?
17, 8887
What are the prime factors of 796?
2, 199
What are the prime factors of 2656?
2, 83
List the prime factors of 3608.
2, 11, 41
What are the prime factors of 1095?
3, 5, 73
What are the prime factors of 1695?
3, 5, 113
List the prime factors of 2973.
3, 991
What are the prime factors of 6797?
7, 971
List the prime factors of 13332.
2, 3, 11, 101
What are the prime factors of 5511?
3, 11, 167
What are the prime factors of 8385?
3, 5, 13, 43
What are the prime factors of 5004?
2, 3, 139
List the prime factors of 31690.
2, 5, 3169
List the prime factors of 15293.
41, 373
List the prime factors of 24868.
2, 6217
What are the prime factors of 12751?
41, 311
List the prime factors of 142387.
7, 20341
What are the prime factors of 799?
17, 47
List the prime factors of 53850.
2, 3, 5, 359
What are the prime factors of 3264?
2, 3, 17
What are the prime factors of 1089?
3, 11
What are the prime factors of 50397?
3, 107, 157
What are the prime factors of 21413?
7, 19, 23
What are the prime factors of 2373?
3, 7, 113
What are the prime factors of 2849?
7, 11, 37
List the prime factors of 56848.
2, 11, 17, 19
List the prime factors of 72626.
2, 36313
List the prime factors of 1008.
2, 3, 7
List the prime factors of 1519.
7, 31
List the prime factors of 8717.
23, 379
What are the prime factors of 25065?
3, 5, 557
List the prime factors of 26146.
2, 17, 769
List the prime factors of 8690.
2, 5, 11, 79
What are the prime factors of 4681?
31, 151
What are the prime factors of 2803?
2803
What are the prime factors of 45329?
45329
What are the prime factors of 43439?
11, 359
What are the prime factors of 57827?
7, 11, 751
List the prime factors of 390.
2, 3, 5, 13
What are the prime factors of 4187?
53, 79
List the prime factors of 16659.
3, 617
List the prime factors of 57408.
2, 3, 13, 23
What are the prime factors of 121171?
121171
What are the prime factors of 5222?
2, 7, 373
List the prime factors of 63038.
2, 43, 733
List the prime factors of 32163.
3, 71, 151
What are the prime factors of 1166?
2, 11, 53
What are the prime factors of 403?
13, 31
What are the prime factors of 73605?
3, 5, 7, 701
What are the prime factors of 2368?
2, 37
List the prime factors of 681.
3, 227
What are the prime factors of 99?
3, 11
List the prime factors of 17836.
2, 7, 13
List the prime factors of 5483.
5483
What are the prime factors of 11009?
101, 109
List the prime factors of 1765.
5, 353
List the prime factors of 16009.
7, 2287
List the prime factors of 6099.
3, 19, 107
What are the prime factors of 5176?
2, 647
List the prime factors of 35550.
2, 3, 5, 79
What are the prime factors of 1182?
2, 3, 197
List the prime factors of 5870.
2, 5, 587
List the prime factors of 9183.
3, 3061
List the prime factors of 887.
887
What are the prime factors of 17967?
3, 53, 113
List the prime factors of 584.
2, 73
What are the prime factors of 28914?
2, 3, 61, 79
What are the prime factors of 2728?
2, 11, 31
What are the prime factors of 11386?
2, 5693
List the prime factors of 15896.
2, 1987
What are the prime factors of 1971?
3, 73
List the prime factors of 2294.
2, 31, 37
What are the prime factors of 14113?
11, 1283
List the prime factors of 39190.
2, 5, 3919
List the prime factors of 286.
2, 11, 13
What are the prime factors of 2283?
3, 761
What are the prime factors of 8730?
2, 3, 5, 97
What are the prime factors of 12303?
3, 1367
What are the prime factors of 12417?
3, 4139
What are the prime factors of 1488?
2, 3, 31
List the prime factors of 60018.
2, 3, 7, 1429
List the prime factors of 1938.
2, 3, 17, 19
List the prime factors of 68.
2, 17
List the prime factors of 18314.
2, 9157
List the prime factors of 1338.
2, 3, 223
List the prime factors of 31828.
2, 73, 109
What are the prime factors of 1349?
19, 71
List the prime factors of 515.
5, 103
What are the prime factors of 3663?
3, 11, 37
List the prime factors of 583.
11, 53
What are the prime factors of 29258?
2, 14629
What are the prime factors of 15506?
2, 7753
What are the prime factors of 6139?
7, 877
What are the prime factors of 1135?
5, 227
What are the prime factors of 2486?
2, 11, 113
What are the prime factors of 282?
2, 3, 47
List the prime factors of 31425.
3, 5, 419
What are the prime factors of 185462?
2, 4